{"id":193,"date":"2018-05-03T07:37:09","date_gmt":"2018-05-03T07:37:09","guid":{"rendered":"http:\/\/gstk.se\/?page_id=193"},"modified":"2025-05-14T06:35:09","modified_gmt":"2025-05-14T06:35:09","slug":"gstk-medlemsinformation-2018","status":"publish","type":"page","link":"https:\/\/gstk.se\/","title":{"rendered":"GSTK info &#8211; vi ser fram emot 2025!"},"content":{"rendered":"\n<p><\/p>\n\n\n<p><span style=\"color: #034a03;\">Glimmingestrands Tennisklubb (GSTK) driver under sommartid tv\u00e5 v\u00e4lsk\u00f6tta och vindskyddade grusbanor p\u00e5 Midsommarv\u00e4gen i Glimminge plantering p\u00e5 Bj\u00e4rehalv\u00f6n, ca 13 km fr\u00e5n B\u00e5stad.<\/span><\/p>\n<p><span style=\"color: #034a03;\">Du beh\u00f6ver inte vara medlem f\u00f6r att boka, men ett medlemskap l\u00f6nar sig snabbt. Bokning av banor och k\u00f6p av medlemskap sker via<a style=\"color: #034a03;\" href=\"http:\/\/www.matchi.se\"><strong> www.matchi.se<\/strong><\/a> , eller via Matchi-appen.\u00a0<\/span><\/p>\n<p><span style=\"color: #034a03;\">Kiosken i klubbhuset har \u00f6ppet under h\u00f6gs\u00e4song. D\u00e4r kan\u00a0 du k\u00f6pa glass, l\u00e4sk, godis, kaffe och ibland t o m en grillad korv.<\/span><\/p>\n<p><span style=\"color: #034a03;\">V\u00e5r popul\u00e4ra tennisskola \u00e4ger detta \u00e5r rum vecka 28 och vecka 30, mer info om exakta tider och hur du anm\u00e4ler dig kan du se via menyn under &#8221;Tennisskola och tr\u00e4nare 2025&#8221;.<\/span><\/p>\n<p><span style=\"color: #034a03;\">I menyn hittar du alla detaljer om v\u00e5ra aktiviteter.<\/span><\/p>\n\n\n<p><mark style=\"background-color:rgba(0, 0, 0, 0)\" class=\"has-inline-color has-bright-red-color\"><em><strong> <\/strong><\/em><\/mark><\/p>\n\n\n\n<p><\/p>\n\n\n\n<pre class=\"wp-block-preformatted\"><\/pre>\n","protected":false},"excerpt":{"rendered":"<p>Glimmingestrands Tennisklubb (GSTK) driver under sommartid tv\u00e5 v\u00e4lsk\u00f6tta och vindskyddade grusbanor p\u00e5 Midsommarv\u00e4gen i Glimminge plantering p\u00e5 Bj\u00e4rehalv\u00f6n, ca 13 km fr\u00e5n B\u00e5stad. Du beh\u00f6ver inte vara medlem f\u00f6r att boka, men ett medlemskap l\u00f6nar sig snabbt. Bokning av banor och k\u00f6p av medlemskap sker via www.matchi.se , eller via Matchi-appen.\u00a0 Kiosken i klubbhuset har &hellip; <a href=\"https:\/\/gstk.se\/\" class=\"more-link\">Forts\u00e4tt l\u00e4sa<span class=\"screen-reader-text\"> \u201dGSTK info &#8211; vi ser fram emot 2025!\u201d<\/span><\/a><\/p>\n","protected":false},"author":1,"featured_media":0,"parent":0,"menu_order":1,"comment_status":"closed","ping_status":"closed","template":"","meta":{"footnotes":""},"class_list":["post-193","page","type-page","status-publish","hentry"],"_links":{"self":[{"href":"https:\/\/gstk.se\/index.php?rest_route=\/wp\/v2\/pages\/193","targetHints":{"allow":["GET"]}}],"collection":[{"href":"https:\/\/gstk.se\/index.php?rest_route=\/wp\/v2\/pages"}],"about":[{"href":"https:\/\/gstk.se\/index.php?rest_route=\/wp\/v2\/types\/page"}],"author":[{"embeddable":true,"href":"https:\/\/gstk.se\/index.php?rest_route=\/wp\/v2\/users\/1"}],"replies":[{"embeddable":true,"href":"https:\/\/gstk.se\/index.php?rest_route=%2Fwp%2Fv2%2Fcomments&post=193"}],"version-history":[{"count":73,"href":"https:\/\/gstk.se\/index.php?rest_route=\/wp\/v2\/pages\/193\/revisions"}],"predecessor-version":[{"id":731,"href":"https:\/\/gstk.se\/index.php?rest_route=\/wp\/v2\/pages\/193\/revisions\/731"}],"wp:attachment":[{"href":"https:\/\/gstk.se\/index.php?rest_route=%2Fwp%2Fv2%2Fmedia&parent=193"}],"curies":[{"name":"wp","href":"https:\/\/api.w.org\/{rel}","templated":true}]}}