{"id":499,"date":"2021-04-11T16:48:06","date_gmt":"2021-04-11T16:48:06","guid":{"rendered":"http:\/\/gstk.se\/?page_id=499"},"modified":"2024-06-03T08:27:40","modified_gmt":"2024-06-03T08:27:40","slug":"arsredovisning-2019-2020","status":"publish","type":"page","link":"https:\/\/gstk.se\/?page_id=499","title":{"rendered":"\u00c5rsredovisningar"},"content":{"rendered":"\n<p>H\u00e4r kommer tidigare \u00e5rsredovisningar att l\u00e4ggas upp.<\/p>\n","protected":false},"excerpt":{"rendered":"<p>H\u00e4r kommer tidigare \u00e5rsredovisningar att l\u00e4ggas upp.<\/p>\n","protected":false},"author":1,"featured_media":0,"parent":0,"menu_order":95,"comment_status":"closed","ping_status":"closed","template":"","meta":{"footnotes":""},"class_list":["post-499","page","type-page","status-publish","hentry"],"_links":{"self":[{"href":"https:\/\/gstk.se\/index.php?rest_route=\/wp\/v2\/pages\/499","targetHints":{"allow":["GET"]}}],"collection":[{"href":"https:\/\/gstk.se\/index.php?rest_route=\/wp\/v2\/pages"}],"about":[{"href":"https:\/\/gstk.se\/index.php?rest_route=\/wp\/v2\/types\/page"}],"author":[{"embeddable":true,"href":"https:\/\/gstk.se\/index.php?rest_route=\/wp\/v2\/users\/1"}],"replies":[{"embeddable":true,"href":"https:\/\/gstk.se\/index.php?rest_route=%2Fwp%2Fv2%2Fcomments&post=499"}],"version-history":[{"count":4,"href":"https:\/\/gstk.se\/index.php?rest_route=\/wp\/v2\/pages\/499\/revisions"}],"predecessor-version":[{"id":685,"href":"https:\/\/gstk.se\/index.php?rest_route=\/wp\/v2\/pages\/499\/revisions\/685"}],"wp:attachment":[{"href":"https:\/\/gstk.se\/index.php?rest_route=%2Fwp%2Fv2%2Fmedia&parent=499"}],"curies":[{"name":"wp","href":"https:\/\/api.w.org\/{rel}","templated":true}]}}