{"id":782,"date":"2026-05-07T15:03:57","date_gmt":"2026-05-07T15:03:57","guid":{"rendered":"https:\/\/gstk.se\/?page_id=782"},"modified":"2026-05-07T15:03:57","modified_gmt":"2026-05-07T15:03:57","slug":"sommarjobb-for-unga-tennistranare-2026","status":"publish","type":"page","link":"https:\/\/gstk.se\/?page_id=782","title":{"rendered":"Sommarjobb f\u00f6r unga tennistr\u00e4nare &#8211; 2026"},"content":{"rendered":"\n<p>\u00c4lskar du tennis och att jobba med barn\/unga?<\/p>\n\n\n\n<p>Vi s\u00f6ker energifyllda, unga och lekfulla tr\u00e4nare till vecka 28, 29 och 30 nu i sommar. Och om det fungerar bra s\u00e5 kommer det ju fler s\u00e4songer&nbsp;<img loading=\"lazy\" decoding=\"async\" height=\"16\" width=\"16\" alt=\"\ud83d\ude42\" src=\"https:\/\/static.xx.fbcdn.net\/images\/emoji.php\/v9\/t4c\/1\/16\/1f642.png\"><\/p>\n\n\n\n<p>Obs: V\u00e5ra tr\u00e4ningsveckor \u00e4r inte inriktade p\u00e5 t\u00e4vlingstennis, i f\u00f6rsta hand \u00e4r det fokus p\u00e5 tennisgl\u00e4dje, gemenskap och r\u00f6relse.<\/p>\n\n\n\n<p>Vi s\u00f6ker dig som:<\/p>\n\n\n\n<ul class=\"wp-block-list\">\n<li>Har tidigare erfarenhet som tennistr\u00e4nare (eller vill ta ett f\u00f6rsta steg p\u00e5 v\u00e4gen dit)<\/li>\n\n\n\n<li>Kan peppa och skapa bra engagemang i en grupp<\/li>\n\n\n\n<li>Tycker om lekfull tr\u00e4ning<\/li>\n\n\n\n<li>Har erfarenhet av att jobba med barn\/ungdomar<\/li>\n\n\n\n<li>Vill ha ett sommarjobb i Glimminge Plantering<\/li>\n<\/ul>\n\n\n\n<p>Arbetet inneb\u00e4r:<\/p>\n\n\n\n<ul class=\"wp-block-list\">\n<li>Planering inf\u00f6r respektive tennisvecka; uppl\u00e4gg\/moment, material etc<\/li>\n\n\n\n<li>Tr\u00e4na och leda barn\/ungdomar i olika \u00e5ldrar (&#8221;tennis-lek&#8221; f\u00f6r de allra yngsta)<\/li>\n\n\n\n<li>Arrangera avslutning f\u00f6r resp tennisvecka<\/li>\n\n\n\n<li>Arbetstiderna \u00e4r troligen f\u00f6rmiddagar och\/eller eftermiddagar, m\u00e5ndag till fredag (antal timmar per vecka beroende p\u00e5 antal anm\u00e4lda)<\/li>\n\n\n\n<li>Timanst\u00e4llning<\/li>\n<\/ul>\n\n\n\n<p>Plats: Tennisbanorna i Glimminge Plantering<\/p>\n\n\n\n<p>Skicka din ans\u00f6kan (personligt brev inkl. erfarenheter) via mail till: christinaenocson@icloud.com<\/p>\n\n\n\n<p>Sista ans\u00f6kningsdag: Ju f\u00f6rr desto b\u00e4ttre, vi tar emot ans\u00f6kningar l\u00f6pande, och hoppas kunna ta beslut senast i slutet av maj.<\/p>\n\n\n\n<p>Tennisklubbens styrelse finns som st\u00f6d, och v\u00e5r huvudtr\u00e4nare Ignas Mazgelis \u00e4r ansvarig f\u00f6r vuxenkurserna \u00e4ven i \u00e5r.<\/p>\n","protected":false},"excerpt":{"rendered":"<p>\u00c4lskar du tennis och att jobba med barn\/unga? Vi s\u00f6ker energifyllda, unga och lekfulla tr\u00e4nare till vecka 28, 29 och 30 nu i sommar. Och om det fungerar bra s\u00e5 kommer det ju fler s\u00e4songer&nbsp; Obs: V\u00e5ra tr\u00e4ningsveckor \u00e4r inte inriktade p\u00e5 t\u00e4vlingstennis, i f\u00f6rsta hand \u00e4r det fokus p\u00e5 tennisgl\u00e4dje, gemenskap och r\u00f6relse. Vi &hellip; <a href=\"https:\/\/gstk.se\/?page_id=782\" class=\"more-link\">Forts\u00e4tt l\u00e4sa<span class=\"screen-reader-text\"> \u201dSommarjobb f\u00f6r unga tennistr\u00e4nare &#8211; 2026\u201d<\/span><\/a><\/p>\n","protected":false},"author":1,"featured_media":0,"parent":0,"menu_order":0,"comment_status":"closed","ping_status":"closed","template":"","meta":{"footnotes":""},"class_list":["post-782","page","type-page","status-publish","hentry"],"_links":{"self":[{"href":"https:\/\/gstk.se\/index.php?rest_route=\/wp\/v2\/pages\/782","targetHints":{"allow":["GET"]}}],"collection":[{"href":"https:\/\/gstk.se\/index.php?rest_route=\/wp\/v2\/pages"}],"about":[{"href":"https:\/\/gstk.se\/index.php?rest_route=\/wp\/v2\/types\/page"}],"author":[{"embeddable":true,"href":"https:\/\/gstk.se\/index.php?rest_route=\/wp\/v2\/users\/1"}],"replies":[{"embeddable":true,"href":"https:\/\/gstk.se\/index.php?rest_route=%2Fwp%2Fv2%2Fcomments&post=782"}],"version-history":[{"count":1,"href":"https:\/\/gstk.se\/index.php?rest_route=\/wp\/v2\/pages\/782\/revisions"}],"predecessor-version":[{"id":783,"href":"https:\/\/gstk.se\/index.php?rest_route=\/wp\/v2\/pages\/782\/revisions\/783"}],"wp:attachment":[{"href":"https:\/\/gstk.se\/index.php?rest_route=%2Fwp%2Fv2%2Fmedia&parent=782"}],"curies":[{"name":"wp","href":"https:\/\/api.w.org\/{rel}","templated":true}]}}